factors of 22076397?
3, 7, 139, 2521
List the prime factors of 4076844.
2, 3, 181, 1877
List the prime factors of 892283.
7, 41, 3109
List the prime factors of 159868.
2, 17, 2351
What are the prime factors of 50289?
3, 16763
What are the prime factors of 8634?
2, 3, 1439
List the prime factors of 2662325.
5, 109, 977
What are the prime factors of 18158189?
7, 2594027
What are the prime factors of 2480453?
17, 53, 2753
List the prime factors of 357736.
2, 97, 461
What are the prime factors of 14356752?
2, 3, 299099
List the prime factors of 1004324.
2, 251081
List the prime factors of 2536199.
1039, 2441
List the prime factors of 952845.
3, 5, 139, 457
What are the prime factors of 218045?
5, 43609
List the prime factors of 260173.
151, 1723
What are the prime factors of 4720451?
23, 205237
List the prime factors of 336329.
7, 23, 2089
What are the prime factors of 16500283?
16500283
What are the prime factors of 7457858?
2, 227, 16427
List the prime factors of 3551444.
2, 13, 163, 419
What are the prime factors of 18808?
2, 2351
What are the prime factors of 75125?
5, 601
List the prime factors of 78218.
2, 7, 37, 151
What are the prime factors of 820809?
3, 11, 8291
What are the prime factors of 3951825?
3, 5, 52691
List the prime factors of 34259.
34259
What are the prime factors of 252729?
3, 28081
What are the prime factors of 942888?
2, 3, 17, 2311
List the prime factors of 34570242.
2, 3, 7, 23, 79, 151
List the prime factors of 3004136.
2, 137, 2741
What are the prime factors of 140888?
2, 11, 1601
What are the prime factors of 227168?
2, 31, 229
List the prime factors of 573482.
2, 7, 13, 23, 137
List the prime factors of 1899537.
3, 401, 1579
What are the prime factors of 61186?
2, 30593
List the prime factors of 1374966.
2, 3, 76387
What are the prime factors of 135667?
7, 19381
List the prime factors of 351509.
17, 23, 29, 31
What are the prime factors of 611960?
2, 5, 15299
List the prime factors of 130959.
3, 14551
List the prime factors of 6459613.
6459613
What are the prime factors of 143706?
2, 3, 43, 557
List the prime factors of 280294.
2, 7, 20021
What are the prime factors of 280615?
5, 56123
List the prime factors of 105434.
2, 7, 17, 443
What are the prime factors of 8283877?
7, 1183411
List the prime factors of 386641.
386641
What are the prime factors of 7165530?
2, 3, 5, 26539
List the prime factors of 90127.
90127
What are the prime factors of 48136?
2, 11, 547
List the prime factors of 411790.
2, 5, 41179
What are the prime factors of 2170712?
2, 19, 14281
What are the prime factors of 2266900?
2, 5, 22669
What are the prime factors of 44391100?
2, 5, 13, 34147
What are the prime factors of 23650188?
2, 3, 61, 32309
What are the prime factors of 69463?
69463
List the prime factors of 163404.
2, 3, 17, 89
What are the prime factors of 5111?
19, 269
What are the prime factors of 2041695?
3, 5, 59, 769
What are the prime factors of 78801?
3, 26267
List the prime factors of 3585037.
1279, 2803
What are the prime factors of 4530500?
2, 5, 13, 17, 41
What are the prime factors of 1868452?
2, 41, 11393
What are the prime factors of 339517?
339517
What are the prime factors of 13536963?
3, 11, 15193
List the prime factors of 49981.
151, 331
List the prime factors of 1226490.
2, 3, 5, 40883
What are the prime factors of 195061?
107, 1823
List the prime factors of 12783634.
2, 6391817
List the prime factors of 255000.
2, 3, 5, 17
What are the prime factors of 23097?
3, 7699
List the prime factors of 15673.
7, 2239
List the prime factors of 5638611.
3, 11, 17, 19, 23
List the prime factors of 996123.
3, 31, 10711
List the prime factors of 989597.
7, 141371
List the prime factors of 285329.
11, 25939
What are the prime factors of 1810380?
2, 3, 5, 11, 13, 211
List the prime factors of 250570.
2, 5, 25057
List the prime factors of 12207606.
2, 3, 227, 8963
What are the prime factors of 893175?
3, 5, 11909
What are the prime factors of 5454851?
43, 126857
List the prime factors of 176170.
2, 5, 79, 223
List the prime factors of 1402663.
107, 13109
What are the prime factors of 84331?
13, 499
What are the prime factors of 285761?
7, 40823
What are the prime factors of 996923?
59, 61, 277
List the prime factors of 11045215.
5, 2209043
What are the prime factors of 2228026?
2, 89, 12517
What are the prime factors of 2011078?
2, 229, 4391
List the prime factors of 357800.
2, 5, 1789
List the prime factors of 672365.
5, 29, 4637
What are the prime factors of 23723947?
13, 1824919
What are the prime factors of 24612905?
5, 4922581
What are the prime factors of 2637989?
37, 83, 859
List the prime factors of 315063.
3, 7, 1667
What are the prime factors of 940456?
2, 11, 10687
What are the prime factors of 777991?
47, 16553
List the prime factors of 17021293.
17021293
List the prime factors of 5814932.
2, 109, 13337
What are the prime factors of 5800473?
3, 7, 1879
List the prime factors of 30301190.
2, 5, 3030119
List the prime factors of 14585188.
2, 127, 28711
List the prime factors of 1151181.
3, 37, 3457
List the prime factors of 3698909.
3698909
List the prime factors of 782877.
3, 260959
List the prime factors of 9738144.
2, 3, 13, 17
List the prime factors of 25371742.
2, 11, 1153261
What are the prime factors of 1860858?
2, 3, 67, 1543
List the prime factors of 20115085.
5, 4023017
List the prime factors of 252933.
3, 59, 1429
What are the prime factors of 6876058?
2, 7, 17, 167, 173
What are the prime factors of 109867?
181, 607
List the prime factors of 810800.
2, 5, 2027
List the prime factors of 24833.
19, 1307
List the prime factors of 912400.
2, 5, 2281
What are the prime factors of 182234?
2, 13, 43, 163
List the prime factors of 2194416.
2, 3, 7, 311
What are the prime factors of 21062560?
2, 5, 131641
List the prime factors of 17264354.
2, 73, 118249
List the prime factors of 1154426.
2, 7, 13, 6343
List the prime factors of 327844.
2, 11, 7451
List the prime factors of 237805.
5, 199, 239
List the prime factors of 240551.
240551
List the prime factors of 19949957.
31, 643547
List the prime factors of 8336426.
2, 7, 17, 35027
What are the prime factors of 75036?
2, 3, 13, 37
What are the prime factors of 250411?
7, 83, 431
List the prime factors of 115949.
47, 2467
What are the prime factors of 1410166?
2, 547, 1289
What are the prime factors of 99099?
3, 7, 11, 13
List the prime factors of 4824453.
3, 157, 10243
List the prime factors of 14408.
2, 1801
List the prime factors of 109005.
3, 5, 13, 43
What are the prime factors of 4935042?
2, 3, 7, 53, 739
What are the prime factors of 1305405?
3, 5, 29009
What are the prime factors of 798191?
798191
What are the prime factors of 176890?
2, 5, 7, 19
What are the prime factors of 4932611?
4932611
What are the prime factors of 4692695?
5, 7, 134077
What are the prime factors of 259626?
2, 3, 43271
List the prime factors of 4153560.
2, 3, 5, 34613
What are the prime factors of 1423010?
2, 5, 23, 269
List the prime factors of 285359.
461, 619
List the prime factors of 31791405.
3, 5, 23, 43, 2143
List the prime factors of 16112180.
2, 5, 7, 41, 401
List the prime factors of 2828420.
2, 5, 7, 89, 227
What are the prime factors of 21557139?
3, 17, 422689
List the prime factors of 135492.
2, 3, 7, 1613
What are the prime factors of 2651519?
13, 59, 3457
What are the prime factors of 25175?
5, 19, 53
What are the prime factors of 469037?
469037
What are the prime factors of 231153?
3, 13, 5927
What are the prime factors of 14682089?
127, 193, 599
List the prime factors of 5208109.
19, 269, 1019
What are the prime factors of 1239201?
3, 157, 877
List the prime factors of 272722.
2, 136361
List the prime factors of 1701519.
3, 37, 15329
List the prime factors of 26289028.
2, 71, 92567
List the prime factors of 23913751.
107, 223493
What are the prime factors of 4225316?
2, 17, 62137
What are the prime factors of 1251546?
2, 3, 208591
What are the prime factors of 4692488?
2, 37, 83, 191
List the prime factors of 500051.
101, 4951
List the prime factors of 1040854.
2, 520427
List the prime factors of 126765.
3, 5, 313
List the prime factors of 892874.
2, 17, 26261
What are the prime factors of 19563890?
2, 5, 53, 36913
List the prime factors of 9994920.
2, 3, 5, 13, 43, 149
Lis